2665 a prime number?
False
Is 26179 a prime number?
False
Is 626813 composite?
True
Is 180043 a composite number?
False
Is 4227 prime?
False
Is 3491 prime?
True
Is 168847 a prime number?
False
Is 9533 a composite number?
False
Is 478679 composite?
False
Is 427 a composite number?
True
Is 44894 a prime number?
False
Is 79093 a composite number?
True
Is 1858 a composite number?
True
Is 38953 prime?
True
Is 137437 a composite number?
False
Is 335 prime?
False
Is 15469 composite?
True
Is 55579 prime?
True
Is 311737 composite?
False
Is 34519 a composite number?
False
Is 8483 composite?
True
Is 1846001 a composite number?
False
Is 1879617 composite?
True
Is 157049 prime?
True
Is 674335 a composite number?
True
Is 907 prime?
True
Is 5147 a composite number?
False
Is 70753 composite?
False
Is 73897 composite?
False
Is 4020785 prime?
False
Is 1655873 prime?
True
Is 18847 prime?
False
Is 3671 composite?
False
Is 3106279 prime?
False
Is 920477 composite?
False
Is 28599 composite?
True
Is 630005 a prime number?
False
Is 3341 a composite number?
True
Is 514727 a composite number?
True
Is 91367 prime?
True
Is 11906 composite?
True
Is 59999 composite?
False
Is 1302313 prime?
True
Is 22809 prime?
False
Is 360497 a composite number?
False
Is 403847 prime?
False
Is 38585 a composite number?
True
Is 21787 composite?
False
Is 23753 a prime number?
True
Is 11114 a prime number?
False
Is 272447 composite?
True
Is 103643 a prime number?
True
Is 33457 prime?
True
Is 429235 prime?
False
Is 225097 a composite number?
True
Is 3095903 composite?
False
Is 6323 composite?
False
Is 40213 composite?
False
Is 902149 a composite number?
True
Is 296437 composite?
False
Is 2446651 prime?
True
Is 518753 composite?
True
Is 508709 prime?
True
Is 1073 composite?
True
Is 29983 a prime number?
True
Is 516277 a prime number?
True
Is 27037 composite?
True
Is 14051 a prime number?
True
Is 79583 prime?
False
Is 217 prime?
False
Is 7031 composite?
True
Is 275143 a prime number?
False
Is 11789 a composite number?
False
Is 229681 a composite number?
False
Is 373045 prime?
False
Is 27179 prime?
True
Is 716783 composite?
False
Is 135357 composite?
True
Is 3691 a prime number?
True
Is 193073 prime?
True
Is 20993 prime?
False
Is 456362 a composite number?
True
Is 5911 a prime number?
False
Is 69767 a composite number?
False
Is 26797 a prime number?
False
Is 130323 prime?
False
Is 73213 a composite number?
True
Is 120319 a prime number?
True
Is 40091 a prime number?
False
Is 142267 prime?
False
Is 3057 a composite number?
True
Is 943 a composite number?
True
Is 191413 a composite number?
False
Is 391009 prime?
True
Is 217454 composite?
True
Is 420751 composite?
True
Is 12839 a prime number?
False
Is 1359401 prime?
True
Is 1399 a composite number?
False
Is 317227 prime?
True
Is 130099 prime?
True
Is 36797 a composite number?
True
Is 16057 a prime number?
True
Is 18861 prime?
False
Is 1291973 composite?
True
Is 29485 a composite number?
True
Is 113773 prime?
False
Is 192529 a composite number?
False
Is 9229 composite?
True
Is 17159 composite?
False
Is 525047 composite?
True
Is 7993 a prime number?
True
Is 878747 a prime number?
False
Is 27163 composite?
True
Is 12185 a prime number?
False
Is 1063201 composite?
False
Is 1799813 composite?
True
Is 125777 composite?
False
Is 52177 a prime number?
True
Is 20021 a prime number?
True
Is 790219 a prime number?
True
Is 10771 prime?
True
Is 2531 a prime number?
True
Is 45957 prime?
False
Is 133669 prime?
True
Is 317557 prime?
True
Is 13579 a prime number?
False
Is 111317 prime?
True
Is 751 a composite number?
False
Is 389645 prime?
False
Is 194239 composite?
False
Is 44665 a prime number?
False
Is 2302 prime?
False
Is 154274 prime?
False
Is 149921 a composite number?
False
Is 28727 prime?
False
Is 2741 a prime number?
True
Is 1143461 prime?
False
Is 19739 composite?
False
Is 10397 prime?
False
Is 1133 a composite number?
True
Is 2159 a composite number?
True
Is 1637 a prime number?
True
Is 2749 prime?
True
Is 180167 a prime number?
False
Is 6947 composite?
False
Is 468497 composite?
True
Is 130133 prime?
False
Is 101615 a composite number?
True
Is 26153 a composite number?
False
Is 113749 a prime number?
True
Is 877651 a prime number?
True
Is 1681934 a prime number?
False
Is 49163 a composite number?
True
Is 22367 composite?
False
Is 1507 a prime number?
False
Is 38081 a composite number?
True
Is 21059 a prime number?
True
Is 326069 a prime number?
False
Is 124613 a composite number?
True
Is 3109 prime?
True
Is 553 prime?
False
Is 50671 prime?
True
Is 16033 composite?
False
Is 10097 a prime number?
False
Is 366901 composite?
False
Is 20021 composite?
False
Is 51109 a composite number?
False
Is 86923 composite?
False
Is 385607 a prime number?
True
Is 6733 a prime number?
True
Is 17513 a prime number?
False
Is 583057 a prime number?
False
Is 481 a composite number?
True
Is 472289 a composite number?
False
Is 1574 a prime number?
False
Is 111821 composite?
False
Is 3455 composite?
True
Is 16199 prime?
False
Is 29629 prime?
True
Is 203057 a composite number?
False
Is 825779 composite?
False
Is 191822 prime?
False
Is 16411 prime?
True
Is 43151 a prime number?
True
Is 417155 a composite number?
True
Is 2579 prime?
True
Is 121843 composite?
False
Is 59467 prime?
True
Is 9967 a composite number?
False
Is 50261 composite?
False
Is 115451 a composite number?
True
Is 15233 prime?
True
Is 419 a composite number?
False
Is 59333 a prime number?
True
Is 167953 a composite number?
False
Is 23501 composite?
True
Is 11379 a prime number?
False
Is 890323 a composite number?
True
Is 29813 prime?
False
Is 616251 a composite number?
True
Is 8399 composite?
True
Is 5399 a prime number?
True
Is 157817 composite?
True
Is 5471 composite?
False
Is 108079 a composite number?
False
Is 9961 a prime number?
False
Is 35011 a composite number?
True
Is 11777 a prime number?
True
Is 471439 composite?
False
Is 36763 composite?
True
Is 358467 a prime number?
False
Is 2231 a prime number?
False
Is 207839 composite?
True
Is 381977 a composite number?
False
Is 58591 composite?
True
Is 677 composite?
False
Is 16649 a prime number?
True
Is 379 prime?
True
Is 542803 a composite number?
True
Is 647417 composite?
False
Is 122251 prime?
True
Is 38113 prime?
True
Is 4861 a prime number?
True
Is 9527 a prime number?
False
Is 690757 a composite number?
False
Is 84401 prime?
True
Is 7837 composite?
True
Is 85997 prime?
False
Is 98251 a prime number?
True
Is 8033 composite?
True
Is 30679 a prime number?
False
Is 10358 a composite number?
True
Is 9502 composite?
True
Is 4939991 a prime number?
False
Is 291077 a composite number?
False
Is 11149 a composite number?
False
Is 490631 a composite number?
False
Is 7361 a prime number?
False
Is 15689 composite?
True
Is 14243 composite?
False
Is 647761 composite?
True
Is 376139 composite?
True
Is 15506 a composite number?
True
Is 191897 composite?
True
Is 339997 composite?
True
Is 43959 prime?
False
Is 123191 a prime number?
True
Is 47305 prime?
False
Is 5731 composite?
True
Is 5098 composite?
True
Is 7801 a prime number?
False
Is 949166 composite?
True
Is 7849 composite?
True
Is 729437 a composite number?
True
Is 699553 composite?
True
Is 282731 composite?
True
Is 9029 a prime number?
True
Is 14821 prime?
True
Is 119417 a prime number?
True
Is 93349 composite?
True
Is 436171 prime?
True
Is 78713 composite?
False
Is 36973 composite?
False
Is 27263 a composite number?
True
Is 166013 prime?
True
Is 19531 composite?
False
Is 42821 a composite number?
False
Is 4201 composite?
False
Is 389357 a prime number?
True
Is 191161 prime?
True
Is 21587 prime?
True
Is 11995 prime?
False
Is 2473 a composite number?
False
Is 61603 a composite number?
False
Is 11589 composite?
True
Is 192991 prime?
True
Is 4463 a composite number?
False
Is 18229 prime?
True
Is 799 prime?
False
Is 1498681 a composite number?
True
Is 272903 prime?
True
Is 2034751 a prime number?
False
Is 1277 prime?
True
Is 4821 a composite number?
True
Is 2271619 a prime number?
False
Is 5089979 prime?
False
Is 15863 composite?
True
Is 314 composite?
True
Is 13835 a prime number?
False
Is 479551 composite?
True
Is 9157 a composite number?
False
Is 333934 prime?
False
Is 375773 a composite number?
False
Is 107953 a